Let j = 62 + w. What is the highest common factor of 13 and j?
13
Suppose -10 + 1 = -3*p. Suppose 0 = -6*o + p*o + 57. What is the greatest common divisor of 38 and o?
19
Let d = 8 - -2. Let l = 18 - -2. Calculate the highest common divisor of l and d.
10
Let z be ((-4)/3)/((-1)/18). Suppose -3*w = -b + 3*b - 117, 0 = w + 1. What is the highest common divisor of z and b?
12
Suppose 2*j - 364 = 36. Calculate the greatest common factor of 25 and j.
25
Let l(n) = -n**3 - 9*n**2 - 2*n - 1. Let z be l(-9). What is the greatest common divisor of z and 34?
17
Let r(b) = -5*b - 17. Let h be r(-5). What is the highest common divisor of h and 8?
8
Suppose 2*u = -0*u + 176. Let r = 10 + -14. Let i = 15 + r. What is the highest common factor of i and u?
11
Let g = -3 + 7. Let y = -4 - -20. Calculate the greatest common divisor of g and y.
4
Let a = 33 - 5. Let z be 8/a - (-66)/14. What is the greatest common divisor of z and 2?
1
Let i(p) = p**2 + 4*p + 1. Let w be i(-5). Let j = w + -4. Calculate the greatest common factor of j and 18.
2
Let p be (-3)/(-6) + 142/4. Suppose -3*x + 5*a = 2*a - p, -2 = -a. What is the highest common factor of x and 70?
14
Let t = 0 + 2. Let x(h) = h**2 + 4*h + 9. Let l be x(-5). What is the highest common factor of l and t?
2
Let p(r) = -17*r - 2. Let d be p(-3). Let b be (-2)/(-1)*14/4. What is the greatest common factor of d and b?
7
Suppose 2*a + 56 = 4*p, 0 = 3*p - 2*p + 2*a - 4. Let l be ((-126)/(-3))/(p/66). What is the greatest common factor of l and 21?
21
Suppose -2*x + 1 = -1. Let r(w) = -9 - 2 + 0*w - 2*w. Let p be r(-8). Calculate the greatest common factor of x and p.
1
Suppose 5*z + 0*z = -45. Let u = z - -22. Let i be 4/14 - (-1452)/14. What is the greatest common factor of i and u?
13
Suppose 2*x = 3*k + k - 30, -x = 2*k - 17. Suppose 2*f + k = 6*f. What is the greatest common divisor of f and 8?
2
Suppose 3*j = -2*h + 9, h = 4*j - 0*j + 21. Calculate the highest common factor of 63 and h.
9
Let d(g) = 4*g**2 - 10*g - 1. Let v(m) = 7*m**2 - 20*m - 1. Let t(p) = -5*d(p) + 3*v(p). Let q be t(10). Calculate the greatest common divisor of q and 18.
2
Suppose -2*t = 5*v - 26, -3*t + 0*v + 17 = 2*v. Suppose -t*a = -28 - 80. Let u be 26 - -2*1*-1. What is the greatest common factor of a and u?
12
Suppose 3*w - 7 = 5. Calculate the highest common divisor of 36 and w.
4
Let i = -17 + 32. Let p be 8/(-12) + (-47)/(-3). What is the greatest common divisor of p and i?
15
Let b be 1 - -2 - (-4 + 5). Suppose b*d - 15 = -3*d. Suppose -4*f = 2*m - 18, -d*f + 19 = m + 5. What is the highest common factor of 55 and f?
5
Suppose -5*p + 31 = -19. What is the greatest common factor of 90 and p?
10
Suppose 6*l - 117 = -21. What is the greatest common factor of 48 and l?
16
Suppose 50*k + 267 = 2667. Let o(w) = -w**3 + 6*w**2 - 5*w. Let c be o(4). What is the greatest common factor of c and k?
12
Let x be 0 + ((-6)/(-2) - -2) - 2. What is the greatest common factor of x and 9?
3
Suppose 2*b = 5*b - 66. Suppose -2*a = -b - 30. Calculate the greatest common factor of a and 65.
13
Suppose -7*z + 89 + 79 = 0. Calculate the highest common factor of 168 and z.
24
Let a = 14 - 2. Let x be 128/6*27/a. Calculate the greatest common divisor of 16 and x.
16
Suppose -771 - 39 = -3*r - 4*k, 4*r - k = 1061. Calculate the highest common divisor of r and 19.
19
Let x be ((-36)/(-15))/((-2)/(-10)). Suppose -x = -5*t - 2. Let z = 34 + -24. What is the greatest common factor of z and t?
2
Suppose 5*p = 5*g + 210, 0 = 5*p - 7*g + 8*g - 192. What is the highest common divisor of 91 and p?
13
Let w be ((-3)/((-12)/(-208)))/(-2). Calculate the highest common factor of 182 and w.
26
Let r(b) = 4*b**3 - 3*b**2 - b + 2. Let u be r(3). What is the greatest common divisor of u and 32?
16
Suppose 8*k - 13 = 11. Let a(o) = -3*o - 1. Let i be a(-1). Calculate the highest common factor of i and k.
1
Suppose z = -u - 8, -4*z + 6*z - 54 = 5*u. Let h = -19 - u. Let v be (-6)/27 - 47/h. What is the highest common divisor of v and 5?
5
Let c = 1 - -14. Calculate the highest common divisor of c and 15.
15
Suppose 4*t - 132 - 176 = 0. Suppose 4*h + 8 + 8 = 0, -5*x + 2*h = t. Let p = 13 - x. What is the greatest common divisor of p and 20?
10
Let k(g) = -8*g**3 - g**2 + g + 1. Let x be k(-1). Calculate the greatest common divisor of 77 and x.
7
Let c(l) = -2*l + 4. Let f be c(-7). Let d = 124 + -79. Calculate the highest common divisor of d and f.
9
Suppose 7*n = 6*n + 24. What is the greatest common factor of n and 12?
12
Let w(s) = 41*s**2 + 4*s + 1. Let q be w(3). Let l = q + -272. What is the highest common divisor of 44 and l?
22
Let y(x) = 33*x - 4. Let q be y(3). Suppose 0*o - 5*o - q = 0. Let z = o + 41. Calculate the greatest common factor of 22 and z.
22
Let a(o) = 3*o - 16. Let z be a(6). Calculate the greatest common divisor of 22 and z.
2
Let v be 48 - (1 + 2 + -3). Calculate the greatest common divisor of 24 and v.
24
Let f be -2*(1 - -2)/3. Let j(p) = p**3 - 2*p - 3. Let l be j(f). Let u(x) = x**2 + 3*x - 7. Let i be u(l). What is the highest common factor of 7 and i?
7
Suppose 2*k - 4*f = 176, 2*k - 3*k + 96 = -4*f. What is the greatest common factor of 10 and k?
10
Let z(y) = -y**2 - 28*y. Let g be z(-11). Calculate the greatest common divisor of g and 17.
17
Let p be (-19)/(-3) - (-1)/(-3). Suppose 20 = 5*i - 0. Suppose -p*b + 20 = -i*b. What is the greatest common divisor of 15 and b?
5
Let l = 9 - 6. Let f = 11 - l. Calculate the highest common divisor of f and 4.
4
Let g = -34 - -47. What is the highest common divisor of 13 and g?
13
Suppose -135 = 4*g - 9*g. Suppose 3*m - o - 22 = -2, -2*o + 2 = m. Let r = g - m. What is the highest common factor of 147 and r?
21
Let j(a) be the third derivative of a**5/30 + a**4/6 - a**2. Let q be j(-5). Calculate the greatest common divisor of 45 and q.
15
Let o be (-2 + 3 + -1)*1. Let v(q) = q + 4. Let l be v(o). Suppose 4*i = l*y + 36, i + 0*y - 11 = -y. What is the highest common factor of i and 2?
2
Let o(t) = t**2 + 9. Let l = -21 - -30. Let c be o(l). What is the greatest common factor of 18 and c?
18
Let b = 45 + 0. What is the greatest common factor of 15 and b?
15
Let z(i) = i**2 + i + 2. Let q be z(4). Calculate the greatest common divisor of 88 and q.
22
Let g(z) = -z**3 - 5*z**2 + 5*z + 6. Let b be g(-6). Calculate the greatest common divisor of 12 and b.
12
Let q(t) = t**3 + t**2 + t + 25. Let k(a) = -2*a + 2. Let o be k(4). Let g = 6 + o. Let w be q(g). What is the greatest common factor of 125 and w?
25
Suppose 0 = -0*i - 5*i - 2*o + 9, 4*i - 2*o = 18. Calculate the highest common divisor of 15 and i.
3
Suppose -t = 3 - 8. Suppose 229 + 131 = t*h. What is the highest common divisor of h and 8?
8
Let s(x) = x**2 - 18*x + 49. Let m be s(16). Calculate the greatest common divisor of m and 136.
17
Let q(j) = j**2 + 2*j - 1. Let k be q(-3). Suppose -k*r + 22 = 5*f, -2*r + 55 = 3*r - f. Let a be -7*(-1)/1*11. What is the highest common divisor of a and r?
11
Suppose 5*c = 2*r + 310, 282 = 5*c + 2*r - 8. Let l = -10 + 25. What is the highest common factor of l and c?
15
Let j be -4*(0 - (-63)/(-12)). Calculate the greatest common factor of 105 and j.
21
Suppose 0*u + 3*y = -4*u + 795, 2*u - 394 = 2*y. What is the highest common divisor of u and 18?
18
Let z = 12 + 0. Suppose -18 = -5*h + z. What is the greatest common factor of 66 and h?
6
Let i = 36 - 30. What is the highest common divisor of 48 and i?
6
Suppose 4*g + 14 - 3 = 5*d, -3*d = -4*g - 5. Calculate the greatest common divisor of 6 and d.
3
Let c be 35/42*14 + 1/3. Let r(k) = -7*k**3 + 2*k**2 - k. Let t be r(1). Let b be 18/(-2*t/8). Calculate the highest common divisor of c and b.
12
Let p(l) = -16*l - 4. Let q be p(-1). What is the highest common divisor of q and 3?
3
Suppose 2*i - 12 = -4*w - 2*i, -5*w - 2*i = -18. Suppose 0 = -u + w*u - 12. Suppose u*g = -g + 225. What is the greatest common factor of 30 and g?
15
Suppose -3*j + 14 = 2*u - 30, 5*j - 74 = -3*u. Suppose -10*p + 1653 = 533. Calculate the greatest common factor of p and j.
16
Suppose -2*v = 3*b - 885, -1781 - 479 = -5*v + 2*b. Calculate the highest common divisor of v and 50.
50
Let j(v) = -6*v - 4. Let f be j(-10). Let r be 29 + 0 + -3 + 2. What is the greatest common divi